- 42 = -5*z, 26 = 2*d + z + 4*z. Let x = -26 - -51. Let b = x + -10. Calculate the remainder when b is divided by d.
7
Suppose 7*g - 9 = 12. Suppose -k - g*k = 4*t - 140, -2*t = -4*k + 164. What is the remainder when k is divided by 10?
9
Let u be ((-6)/4)/(9/(-12)). Suppose 2 - 6 = -u*q + 2*i, 4*i + 8 = -q. Suppose q = r - 5, 5*t - 2*t + r = 14. Calculate the remainder when 5 is divided by t.
2
Suppose 0 = 3*o - 3*t, -17 + 5 = -4*t. What is the remainder when 5 is divided by o?
2
Let a(k) = -11*k + 14. Let d(i) = 4*i - 5. Let n(g) = -3*a(g) - 8*d(g). What is the remainder when n(5) is divided by 3?
0
Suppose 0*i + i - 2 = 0. Suppose -s - 3 = 2*s, i*b = s + 19. What is the remainder when 17 is divided by b?
8
Let l be -1 + 3 + (-3 - -2). Let c = 16 + -5. What is the remainder when -2 + 3 - (-19 - l) is divided by c?
10
Let k = -31 - -46. Let t = k - 2. Calculate the remainder when 146/4 - 2/(-4) is divided by t.
11
Calculate the remainder when 13 is divided by (-8 - (4 + -7))*-1.
3
Let z(r) = -20*r**3 - r**2 + 2*r + 3. Suppose -j - 3*j = -308. Calculate the remainder when j is divided by z(-1).
17
Let v(k) = 5*k**3 - 2*k + 1. Suppose -8*t + 3*t + 15 = 0. Let f(h) = 3*h + 2. What is the remainder when f(t) is divided by v(1)?
3
Suppose 2*h - 12 = p - 0, -5*h = -3*p - 32. What is the remainder when 10 is divided by h?
2
Let t be (-1)/(1/46*-1). Calculate the remainder when (-54)/(-30)*(t + -1) is divided by 14.
11
Let k(g) = 7*g + 3. Let z be k(-3). Let a = z + 56. Calculate the remainder when a is divided by 20.
18
Suppose -5*k + 39 = 2*t, 3*t + 1 = t + 3*k. What is the remainder when 34 is divided by t?
6
Let s(i) = -2*i + 1. Let a = -3 - 3. What is the remainder when 37 is divided by s(a)?
11
Let u(m) = -m + 24. Let c be u(-11). Let x = c + -16. Let j = 13 - -24. What is the remainder when j is divided by x?
18
Suppose -5*i + 92 = 22. What is the remainder when i is divided by 4?
2
Suppose 4*g - 39 = g. Calculate the remainder when 561/15 + (-2)/5 is divided by g.
11
Let b = 29 + 51. Suppose -4*a = 2*o - 58, 5*o = 5*a + 30 - b. Calculate the remainder when a is divided by 5.
3
Let x(h) = 3*h**2 - 3 - h**2 - h**2 + 5*h. Let t be x(-6). Suppose -t*n = 3, 4*n - 11 - 1 = -4*i. Calculate the remainder when 7 is divided by i.
3
Suppose -2*p - 4*y = -88, 3*p + 0*y - y - 111 = 0. What is the remainder when p is divided by 4?
2
Let f(w) = -w**3 - 4*w**2 + 6*w - 3. What is the remainder when f(-6) is divided by 18?
15
Let b(m) = -5*m + 20. What is the remainder when 132 is divided by b(-5)?
42
Suppose 5*j = 3*q - 24, 34 = -0*j - 4*j - 5*q. Suppose 4*a = -3*g + 53, -2*a + 10 = 3*g - 7*g. Calculate the remainder when a is divided by (-8)/j*(-99)/(-22).
5
Calculate the remainder when 485/25 - (-4)/(-10) is divided by 7.
5
Suppose -4*x = 2*k + 106 - 724, -2*x - 3*k = -307. Calculate the remainder when (-2 - -1)/((-5)/x) is divided by 17.
14
Let q = -8 - -11. Suppose -89 = -3*t - 3*j - 2*j, -3*j + 81 = q*t. What is the remainder when t is divided by 8?
7
Let z = 66 - 39. What is the remainder when 103 is divided by z?
22
Let s = 11 + 4. Let b = 20 - s. What is the remainder when 15 is divided by b?
0
Let o be 9*-2*4/24. Let f(j) be the third derivative of -j**6/120 - j**5/15 - j**4/8 + j**3/3 + j**2. Calculate the remainder when 5 is divided by f(o).
1
What is the remainder when 2 is divided by 3*4*3/36?
0
Let c(b) = -2*b - 2. Let l be c(-2). Suppose -3 - 11 = -l*u. Calculate the remainder when 26 is divided by u.
5
What is the remainder when 6*(216/28)/((-8)/(-42)) is divided by 49?
47
Suppose 5*a - j = 386, 3*j = -3*a - j + 250. Suppose -3*k + 0*k + a = 0. What is the remainder when k is divided by 10?
6
Let q(s) = s**3 + 33*s**2 + 10. Calculate the remainder when 13 is divided by q(-33).
3
Suppose 5*l = -5*t + 55, 0 = -4*l - 2*t - 4 + 44. Let w = 110 - l. Let r = -57 + w. What is the remainder when r is divided by 15?
14
Let a = -10 + 8. Let i = 8 + a. Suppose -m + 4*l + 13 = 0, -2*l + 6*l = 4. Calculate the remainder when m is divided by i.
5
Let m be 1/(1 - (-11)/(-10)). Let y = 7 - m. Calculate the remainder when 33 is divided by y.
16
Let l = 60 - 6. What is the remainder when l is divided by 29?
25
Let i(d) = 3*d + 3. Let v be i(-3). What is the remainder when (v/(-4))/((-3)/(-68)) is divided by 12?
10
Suppose 5*u - 43 = -3. Suppose -3*i = -24 - 87. Calculate the remainder when i is divided by u.
5
Let h(y) = -y**3 - y + 129. Calculate the remainder when h(0) is divided by 26.
25
Suppose 3*t - 27 = -3*h, 4*t + 2*h - 30 = -0*h. Suppose -4*m = -0*m. Calculate the remainder when m - (-2)/(-1) - -13 is divided by t.
5
Let f(i) = i**2 + 4*i + 3. Let z be f(-3). Suppose z*u - 2*u + m + 85 = 0, 3*u = -4*m + 111. Let t = u + -20. Calculate the remainder when t is divided by 6.
3
Suppose -21 = -3*g + 36. Calculate the remainder when 263 is divided by g.
16
Suppose -4*n = -5*n + 3. Let y be (n/(-6))/(1/(-12)). Suppose 4*j = y*j - 20. What is the remainder when 19 is divided by j?
9
Calculate the remainder when 5 + 0 - (-58 - -9) is divided by 4.
2
Suppose -43 = 2*a - 145. What is the remainder when 151 is divided by a?
49
Let s(f) = -4*f**3 + f**2 + 2*f + 3. Let d be 4/(-1)*5/10. Let t be s(d). Let j = t - 20. Calculate the remainder when 29 is divided by j.
14
Suppose 0 = 5*o + 3*m - 5 - 248, 2*m = -4*o + 202. Suppose 0 = 5*a - d + 5*d - o, -50 = -5*a + d. Calculate the remainder when 28 is divided by a.
8
Let t(p) = p**2 - 4*p. Suppose -4*d + 13 = -7. Let i = 0 - -2. Calculate the remainder when t(d) is divided by i.
1
Let x(g) = 13*g**2 - g + 1. Let t = 48 + -11. What is the remainder when t is divided by x(1)?
11
Suppose -4*w = 5 - 97. Calculate the remainder when w is divided by 7.
2
Suppose -3*t = -17 - 16. What is the remainder when 20 is divided by t?
9
Suppose -12 - 8 = -5*w. Suppose -w*r + 9 = -47. Calculate the remainder when 54 is divided by r.
12
Let t = -6 - -14. Let f(x) = -2*x + 7. Let z be f(5). Calculate the remainder when 13 + z/((-3)/1) is divided by t.
6
Let x(g) = 2*g + 2*g**2 - g + 4*g**3 - 6*g**3. Let i be x(2). Let z(h) = h**2 + 4*h + 5. What is the remainder when z(i) is divided by 6?
5
Let k = 16 - 9. What is the remainder when 26 is divided by k?
5
Let a(g) = g**2 - 6*g - 3. Let k be a(7). Let i = 11 - k. Calculate the remainder when 19 is divided by i.
5
Suppose 3 = -2*s + 3*p + 13, -5*s = 5*p - 25. What is the remainder when 24 is divided by s?
4
Let u(y) = y**3 + 9*y**2 + 15*y + 8. What is the remainder when 101 is divided by u(-6)?
23
Let k(p) = -2*p**3 - p**2 - p - 2. Let w be k(-2). Suppose -g + w = 2*g. What is the remainder when g is divided by 2?
0
Let a = 11 + 7. Suppose 36 + 27 = 9*x. What is the remainder when a is divided by x?
4
Suppose -9*x - 116 = -13*x. Calculate the remainder when x is divided by 13.
3
Let o = -268 + 293. Let c = -2 + 11. What is the remainder when o is divided by c?
7
Let g(v) = 3*v + 2. Let q be g(0). Let x = -1 + 6. Suppose l - q = x. Calculate the remainder when 13 is divided by l.
6
Let u be 1/2 - 25/(-10). Suppose -46 - 80 = -u*m. What is the remainder when m is divided by 15?
12
Let v = 51 + -45. What is the remainder when 10 is divided by v?
4
Let q = 824 + -809. Let m = -16 - -30. Calculate the remainder when 396/14 + (-4)/m is divided by q.
13
Let c(q) = -q - 7. Let x be c(-9). Suppose -77 = -5*r + 3*u - 0, 0 = 2*r + x*u - 18. What is the remainder when r is divided by 5?
3
Suppose -t = -4*b - 19, 2*b = -2*b - 16. Suppose p - 11 = t. What is the remainder when (-320)/(-12) - (-2)/6 is divided by p?
13
Let j(y) = y + 7. Suppose 4*f - 3*o - 23 = -6, -3*f + 4*o = -18. Let h(i) = i**3 + i**2 - i + 1. What is the remainder when j(12) is divided by h(f)?
8
Suppose 4*u + u - 110 = 0. Let j(f) = 5*f + 1. What is the remainder when j(6) is divided by u/4*(1 + 1)?
9
Suppose 2*g + 150 = 7*g. Let m be ((-36)/(-2) - 2) + -1. Let h = 31 - m. Calculate the remainder when g is divided by h.
14
Let t(m) = -2*m - 2. Let o be t(-1). Suppose o = -h + 5*h - 96. What is the remainder when h is divided by 5?
4
What is the remainder when 14 is divided by -10 + (7 - 1) - 1*-11?
0
Suppose -3*c + 5*t = -2083, 3*c + 4*t - 2038 = -0*t. Suppose -c = -5*h - 11. Suppose 0 = 4*j + j - h. Calculate the remainder whe